{"id":5002,"date":"2011-05-06T08:57:40","date_gmt":"2011-05-06T05:57:40","guid":{"rendered":"http:\/\/www.tere-tech.com\/balticfinns\/?page_id=5002"},"modified":"2011-05-06T08:57:40","modified_gmt":"2011-05-06T05:57:40","slug":"asunnon-vuokrahinnat-virossa-42011","status":"publish","type":"page","link":"https:\/\/tere-tech.eu\/balticfinns\/index.php\/asunnon-vuokrahinnat-virossa-42011\/","title":{"rendered":"Asunnon vuokraaminen ja hinnat Virossa 10\/2011"},"content":{"rendered":"<div>\n<p>[addchart data=&#8221;10.32,8.03,7.61,7.29,7.22,6.34,6.08,5.94,5.92,4.93&#8243; labels=&#8221;Vanalinn Kesklinn Kristiine Kadriorg Pirita P\u00f5hja-Tallinn N\u00f5mme Mustam\u00e4e Haabersti Lasnam\u00e4e&#8221; colors=&#8221;&#8217;STEPS&#8217;,FF0000,00FF00&#8243; title=&#8221;Vuokrat Tallinnassa 10\/2011 (\u20ac\/m2)&#8221; size=&#8221;450&#8243; style=&#8221;horizontal bars&#8221; bgcolors=&#8221;BG1&#8243;]<\/p>\n<p>[addchart data=&#8221;38 35 32 29 20 20 19 16 15 6&#8243; labels=&#8221;Kristiine Haabersti Vanalinn Lasnam\u00e4e P\u00f5hja-Tallinn Mustam\u00e4e Kesklinn Kadriorg N\u00f5mme Pirita&#8221; colors=&#8221;&#8217;STEPS&#8217;,FF0000,00FF00&#8243; title=&#8221;Muutokset vuokrissa 10 vs 4\/2011 (%)&#8221; size=&#8221;450&#8243; style=&#8221;horizontal bars&#8221; bgcolors=&#8221;BG1&#8243;]<\/p>\n<p>Tallinnan\u00a0vuokraasuntojen \u00a0keskim\u00e4\u00e4r\u00e4inen\u00a0\u00a0tarjoushinta \u00a0oli\u00a07.\u00a0lokakuuta \u00a0menness\u00e4\u00a0<strong>7,30\u00a0\u20ac\/m2<\/strong>, \u00a0kertoo City24.ee portaali.<\/p>\n<p>P\u00e4\u00e4kaupunkiseudun \u00a0vuokra-asuntojen\u00a0hinnat \u00a0ovat\u00a0vuoden \u00a0alusta\u00a0nousseet \u00a0l\u00e4hes\u00a024\u00a0% \u00a0(kev\u00e4\u00e4ll\u00e4 n 5,85 \u20ac\/m2). \u00a0Viimeksi\u00a0oli \u00a0n\u00e4in korkealla \u00a0vuokrahinta vain v \u00a02009\u00a0kev\u00e4\u00e4ll\u00e4 Viron oman talouskriisin syvimpiin aikoihin.<br style=\"color: #333333; font-family: arial, sans-serif; font-size: 16px; line-height: normal; background-color: #f5f5f5;\" \/><br style=\"color: #333333; font-family: arial, sans-serif; font-size: 16px; line-height: normal; background-color: #f5f5f5;\" \/>Kinnisvaraportaali \u00a0City24.ee\u00a0tietojen \u00a0mukaan\u00a0lokakuun \u00a0alussa\u00a0etsittiin \u00a0vuokralaisia\u00a0\u200b\u200bTallinnassa \u00a0l\u00e4hes\u00a0934: lle \u00a0asuntoon.\u00a0 \u00a0Tarjousten\u00a0m\u00e4\u00e4r\u00e4 \u00a0on\u00a0(7.10.2010) \u00a0verrattuna\u00a0vuoden \u00a0alkupuoliskoon \u00a0voimakkaasti \u00a0v\u00e4hentynyt.<\/p>\n<p>Toinen hyv\u00e4 l\u00e4hde \u00a0vuokraamisesta \u00a0kiinnostuneille on \u00a0my\u00f6s <a href=\"http:\/\/www.kv.ee\" target=\"_blank\" rel=\"noopener noreferrer\"><strong>www.kv.ee<\/strong><\/a> -asuntoportaali.<\/p>\n<p>Keskim\u00e4\u00e4r\u00e4inen \u00a0vuokra\u00a0\/ m2 tarjoushinta \u00a0oli\u00a0huhtikuun \u00a0ensimm\u00e4isell\u00e4 \u00a0viikolla Tallinnassa \u00a0kaupunginosien \u00a0mukaan \u00a0jyvitettyn\u00e4 seuraava.<\/p>\n<p><strong>Kaupunginosa vuokrahinta (\u20ac\/m2)<\/strong><\/p>\n<ol>\n<li>Vanalinn 10,32<\/li>\n<li>Kesklinn 8,03<\/li>\n<li>Kristiine 7,61<\/li>\n<li>Kadriorg 7,29<\/li>\n<li>Pirita 7,22<\/li>\n<li>P\u00f5hja-Tallinn 6,34<\/li>\n<li>N\u00f5mme 6,08<\/li>\n<li>Mustam\u00e4e 5,94<\/li>\n<li>Haabersti 5,92<\/li>\n<li>Lasnam\u00e4e 4,93<\/li>\n<\/ol>\n<div id=\"_mcePaste\">Kun n\u00e4it\u00e4 hintoja verrataan viime kev\u00e4\u00e4seen (ts 4\/2011) ovat vuokrien nostot %-tasoilla seuraavat:<\/div>\n<div>\n<div>\n<ol>\n<li>Kristiine +38%<\/li>\n<li>Haabersti +35%<\/li>\n<li>Vanalinn +32%<\/li>\n<li>Lasnam\u00e4e +29%<\/li>\n<li>P\u00f5hja-Tallinn 20%<\/li>\n<li>Mustam\u00e4e +20%<\/li>\n<li>Kesklinn +19%<\/li>\n<li>Kadriorg +16%<\/li>\n<li>N\u00f5mme+15%<\/li>\n<li>Pirita+6%<\/li>\n<\/ol>\n<\/div>\n<\/div>\n<div id=\"_mcePaste\">Omistajat ovat diskontanneet kaikkein kovimmalla k\u00e4dell\u00e4 vuokria yl\u00f6sp\u00e4in Kristiiness\u00e4 niin, ett\u00e4 sen vuokrat ovat nokittaneet jopa Kadriorg:n aluetta. Se on noussut eniten eli kaksi sijaa kalleudessa vuokrata Tallinnassa. Toinen vastaavan nousun alueiden keskin\u00e4isiss\u00e4 arvostuksissa on tehnyt Pohja-Tallinnan alue omine vuokrineen.<\/div>\n<div>&#8212;<\/div>\n<div id=\"_mcePaste\"><em>Toim. suomalaiseen malliin n\u00e4hden asunnon vuokraus on melko erilaista Virossa: n\u00e4m\u00e4 mainitut hinnat ovat vuokranantajan pyyt\u00e4mi\u00e4 kiinteit\u00e4 nettotuloja \/ kk. T\u00e4m\u00e4n p\u00e4\u00e4lle vuokralainen joutuu maksamaan itse huoneiston yll\u00e4pidosta erilaisia summia riippuen vuodenajasta (=l\u00e4mmityskulut) ja k\u00e4ytt\u00e4m\u00e4st\u00e4\u00e4n kaasusta, s\u00e4hk\u00f6st\u00e4 ja vedest\u00e4. Mit\u00e4\u00e4n kiinte\u00e4\u00e4 vuokraa \/ kk ei tunneta, koska taloyhti\u00f6iss\u00e4 ei ole mit\u00e4\u00e4n is\u00e4nn\u00f6itsij\u00e4\u00e4 ylim\u00e4\u00e4r\u00e4isen\u00e4 portaana laskuttamassa asukkaita. Systeemi on hyvin l\u00e4pin\u00e4kyv\u00e4 ja tehokas huoneiston k\u00e4ytt\u00e4j\u00e4lle.<\/em><\/div>\n<div id=\"_mcePaste\"><em><br \/>\n<\/em><\/div>\n<div id=\"_mcePaste\"><em>Suurin haaste ulkomaalaiselle on l\u00f6yt\u00e4\u00e4 v\u00e4litt\u00e4j\u00e4, joka haluaa asioida englanniksi tai suomeksi.<\/em><\/div>\n<div id=\"_mcePaste\"><em><br \/>\n<\/em><\/div>\n<div id=\"_mcePaste\" class=\"warning\" style=\"padding-left: 30px;\"><em><span style=\"color: #ff0000;\"><strong>VAROITUS! <\/strong><span style=\"color: #000000;\">Vuokrasopimuksen sis\u00e4ll\u00f6ss\u00e4 <span style=\"color: #ff0000;\">kannattaa olla erityisen tarkkana<\/span>: mit\u00e4 tarkasti ottaen huoneiston yll\u00e4pitokustannuksiin sis\u00e4ltyy. Lista kannattaa kirjata &amp; pyyt\u00e4\u00e4 esille ennen allekirjoitusta. Er\u00e4\u00e4t v\u00e4litt\u00e4j\u00e4t Tallinnassa yritt\u00e4v\u00e4t sis\u00e4llytt\u00e4\u00e4 mm omistajan peruskorjausten pankkilainojen lyhennyksi\u00e4 kuukausieriin mukaan. T\u00e4m\u00e4 ei ole laitonta maassa, mutta eritt\u00e4in huono k\u00e4yt\u00e4nt\u00f6 ulkomaalaisen kannalta<em>.<\/em><\/span><\/span><\/em><\/div>\n<div id=\"_mcePaste\"><em><br \/>\n<\/em><\/div>\n<div id=\"_mcePaste\" style=\"padding-left: 30px;\">Lue my\u00f6s aiheesta:<\/div>\n<div style=\"padding-left: 30px;\">\n<ul>\n<li><a href=\"http:\/\/www.tere-tech.com\/balticfinns\/?page_id=9667\" target=\"_blank\" rel=\"noopener noreferrer\">Uuden vuokralaisen muistilista<\/a><\/li>\n<li><a href=\"http:\/\/www.tere-tech.com\/balticfinns\/?p=12193\">Vuokrasopimukset yleisi\u00e4 pime\u00e4sti ilman verottajaa Virossa<\/a><\/li>\n<li><a href=\"http:\/\/www.tere-tech.com\/balticfinns\/?p=11590\" target=\"_blank\" rel=\"noopener noreferrer\">Vuokratarjonta taas laskussa syksyll\u00e4 8\/2011<\/a><\/li>\n<li><a href=\"http:\/\/www.tere-tech.com\/balticfinns\/?p=4114\" target=\"_blank\" rel=\"noopener noreferrer\">Vuokrat nousussa 4\/2011<\/a><\/li>\n<\/ul>\n<\/div>\n<\/div>\n","protected":false},"excerpt":{"rendered":"<p>[addchart data=&#8221;10.32,8.03,7.61,7.29,7.22,6.34,6.08,5.94,5.92,4.93&#8243; labels=&#8221;Vanalinn Kesklinn Kristiine Kadriorg Pirita P\u00f5hja-Tallinn N\u00f5mme Mustam\u00e4e Haabersti Lasnam\u00e4e&#8221; colors=&#8221;&#8217;STEPS&#8217;,FF0000,00FF00&#8243; title=&#8221;Vuokrat Tallinnassa 10\/2011 (\u20ac\/m2)&#8221; size=&#8221;450&#8243; style=&#8221;horizontal bars&#8221; bgcolors=&#8221;BG1&#8243;] [addchart data=&#8221;38 35 32 29 20 20 19 16 15 6&#8243; labels=&#8221;Kristiine Haabersti Vanalinn Lasnam\u00e4e P\u00f5hja-Tallinn Mustam\u00e4e Kesklinn Kadriorg N\u00f5mme Pirita&#8221; colors=&#8221;&#8217;STEPS&#8217;,FF0000,00FF00&#8243; title=&#8221;Muutokset vuokrissa 10 vs 4\/2011 (%)&#8221; size=&#8221;450&#8243; style=&#8221;horizontal bars&#8221; bgcolors=&#8221;BG1&#8243;] Tallinnan\u00a0vuokraasuntojen \u00a0keskim\u00e4\u00e4r\u00e4inen\u00a0\u00a0tarjoushinta &#8230; <a title=\"Asunnon vuokraaminen ja hinnat Virossa 10\/2011\" class=\"read-more\" href=\"https:\/\/tere-tech.eu\/balticfinns\/index.php\/asunnon-vuokrahinnat-virossa-42011\/\" aria-label=\"Lue lis\u00e4\u00e4 aiheesta Asunnon vuokraaminen ja hinnat Virossa 10\/2011\">Lue lis\u00e4\u00e4<\/a><\/p>\n","protected":false},"author":2,"featured_media":0,"parent":0,"menu_order":0,"comment_status":"closed","ping_status":"closed","template":"","meta":{"_monsterinsights_skip_tracking":false,"_monsterinsights_sitenote_active":false,"_monsterinsights_sitenote_note":"","_monsterinsights_sitenote_category":0,"footnotes":""},"_links":{"self":[{"href":"https:\/\/tere-tech.eu\/balticfinns\/index.php\/wp-json\/wp\/v2\/pages\/5002"}],"collection":[{"href":"https:\/\/tere-tech.eu\/balticfinns\/index.php\/wp-json\/wp\/v2\/pages"}],"about":[{"href":"https:\/\/tere-tech.eu\/balticfinns\/index.php\/wp-json\/wp\/v2\/types\/page"}],"author":[{"embeddable":true,"href":"https:\/\/tere-tech.eu\/balticfinns\/index.php\/wp-json\/wp\/v2\/users\/2"}],"replies":[{"embeddable":true,"href":"https:\/\/tere-tech.eu\/balticfinns\/index.php\/wp-json\/wp\/v2\/comments?post=5002"}],"version-history":[{"count":0,"href":"https:\/\/tere-tech.eu\/balticfinns\/index.php\/wp-json\/wp\/v2\/pages\/5002\/revisions"}],"wp:attachment":[{"href":"https:\/\/tere-tech.eu\/balticfinns\/index.php\/wp-json\/wp\/v2\/media?parent=5002"}],"curies":[{"name":"wp","href":"https:\/\/api.w.org\/{rel}","templated":true}]}}

<div>
<p>[addchart data=&#8221;10.32,8.03,7.61,7.29,7.22,6.34,6.08,5.94,5.92,4.93&#8243; labels=&#8221;Vanalinn Kesklinn Kristiine Kadriorg Pirita Põhja-Tallinn Nõmme Mustamäe Haabersti Lasnamäe&#8221; colors=&#8221;&#8217;STEPS&#8217;,FF0000,00FF00&#8243; title=&#8221;Vuokrat Tallinnassa 10/2011 (€/m2)&#8221; size=&#8221;450&#8243; style=&#8221;horizontal bars&#8221; bgcolors=&#8221;BG1&#8243;]</p>
<p>[addchart data=&#8221;38 35 32 29 20 20 19 16 15 6&#8243; labels=&#8221;Kristiine Haabersti Vanalinn Lasnamäe Põhja-Tallinn Mustamäe Kesklinn Kadriorg Nõmme Pirita&#8221; colors=&#8221;&#8217;STEPS&#8217;,FF0000,00FF00&#8243; title=&#8221;Muutokset vuokrissa 10 vs 4/2011 (%)&#8221; size=&#8221;450&#8243; style=&#8221;horizontal bars&#8221; bgcolors=&#8221;BG1&#8243;]</p>
<p>Tallinnan vuokraasuntojen  keskimääräinen  tarjoushinta  oli 7. lokakuuta  mennessä <strong>7,30 €/m2</strong>,  kertoo City24.ee portaali.</p>
<p>Pääkaupunkiseudun  vuokra-asuntojen hinnat  ovat vuoden  alusta nousseet  lähes 24 %  (keväällä n 5,85 €/m2).  Viimeksi oli  näin korkealla  vuokrahinta vain v  2009 keväällä Viron oman talouskriisin syvimpiin aikoihin.<br style="color: #333333; font-family: arial, sans-serif; font-size: 16px; line-height: normal; background-color: #f5f5f5;" /><br style="color: #333333; font-family: arial, sans-serif; font-size: 16px; line-height: normal; background-color: #f5f5f5;" />Kinnisvaraportaali  City24.ee tietojen  mukaan lokakuun  alussa etsittiin  vuokralaisia ​​Tallinnassa  lähes 934: lle  asuntoon.   Tarjousten määrä  on (7.10.2010)  verrattuna vuoden  alkupuoliskoon  voimakkaasti  vähentynyt.</p>
<p>Toinen hyvä lähde  vuokraamisesta  kiinnostuneille on  myös <a href="http://www.kv.ee" target="_blank" rel="noopener noreferrer"><strong>www.kv.ee</strong></a> -asuntoportaali.</p>
<p>Keskimääräinen  vuokra / m2 tarjoushinta  oli huhtikuun  ensimmäisellä  viikolla Tallinnassa  kaupunginosien  mukaan  jyvitettynä seuraava.</p>
<p><strong>Kaupunginosa vuokrahinta (€/m2)</strong></p>
<ol>
<li>Vanalinn 10,32</li>
<li>Kesklinn 8,03</li>
<li>Kristiine 7,61</li>
<li>Kadriorg 7,29</li>
<li>Pirita 7,22</li>
<li>Põhja-Tallinn 6,34</li>
<li>Nõmme 6,08</li>
<li>Mustamäe 5,94</li>
<li>Haabersti 5,92</li>
<li>Lasnamäe 4,93</li>
</ol>
<div id="_mcePaste">Kun näitä hintoja verrataan viime kevääseen (ts 4/2011) ovat vuokrien nostot %-tasoilla seuraavat:</div>
<div>
<div>
<ol>
<li>Kristiine +38%</li>
<li>Haabersti +35%</li>
<li>Vanalinn +32%</li>
<li>Lasnamäe +29%</li>
<li>Põhja-Tallinn 20%</li>
<li>Mustamäe +20%</li>
<li>Kesklinn +19%</li>
<li>Kadriorg +16%</li>
<li>Nõmme+15%</li>
<li>Pirita+6%</li>
</ol>
</div>
</div>
<div id="_mcePaste">Omistajat ovat diskontanneet kaikkein kovimmalla kädellä vuokria ylöspäin Kristiinessä niin, että sen vuokrat ovat nokittaneet jopa Kadriorg:n aluetta. Se on noussut eniten eli kaksi sijaa kalleudessa vuokrata Tallinnassa. Toinen vastaavan nousun alueiden keskinäisissä arvostuksissa on tehnyt Pohja-Tallinnan alue omine vuokrineen.</div>
<div>&#8212;</div>
<div id="_mcePaste"><em>Toim. suomalaiseen malliin nähden asunnon vuokraus on melko erilaista Virossa: nämä mainitut hinnat ovat vuokranantajan pyytämiä kiinteitä nettotuloja / kk. Tämän päälle vuokralainen joutuu maksamaan itse huoneiston ylläpidosta erilaisia summia riippuen vuodenajasta (=lämmityskulut) ja käyttämästään kaasusta, sähköstä ja vedestä. Mitään kiinteää vuokraa / kk ei tunneta, koska taloyhtiöissä ei ole mitään isännöitsijää ylimääräisenä portaana laskuttamassa asukkaita. Systeemi on hyvin läpinäkyvä ja tehokas huoneiston käyttäjälle.</em></div>
<div id="_mcePaste"><em><br />
</em></div>
<div id="_mcePaste"><em>Suurin haaste ulkomaalaiselle on löytää välittäjä, joka haluaa asioida englanniksi tai suomeksi.</em></div>
<div id="_mcePaste"><em><br />
</em></div>
<div id="_mcePaste" class="warning" style="padding-left: 30px;"><em><span style="color: #ff0000;"><strong>VAROITUS! </strong><span style="color: #000000;">Vuokrasopimuksen sisällössä <span style="color: #ff0000;">kannattaa olla erityisen tarkkana</span>: mitä tarkasti ottaen huoneiston ylläpitokustannuksiin sisältyy. Lista kannattaa kirjata &amp; pyytää esille ennen allekirjoitusta. Eräät välittäjät Tallinnassa yrittävät sisällyttää mm omistajan peruskorjausten pankkilainojen lyhennyksiä kuukausieriin mukaan. Tämä ei ole laitonta maassa, mutta erittäin huono käytäntö ulkomaalaisen kannalta<em>.</em></span></span></em></div>
<div id="_mcePaste"><em><br />
</em></div>
<div id="_mcePaste" style="padding-left: 30px;">Lue myös aiheesta:</div>
<div style="padding-left: 30px;">
<ul>
<li><a href="http://www.tere-tech.com/balticfinns/?page_id=9667" target="_blank" rel="noopener noreferrer">Uuden vuokralaisen muistilista</a></li>
<li><a href="http://www.tere-tech.com/balticfinns/?p=12193">Vuokrasopimukset yleisiä pimeästi ilman verottajaa Virossa</a></li>
<li><a href="http://www.tere-tech.com/balticfinns/?p=11590" target="_blank" rel="noopener noreferrer">Vuokratarjonta taas laskussa syksyllä 8/2011</a></li>
<li><a href="http://www.tere-tech.com/balticfinns/?p=4114" target="_blank" rel="noopener noreferrer">Vuokrat nousussa 4/2011</a></li>
</ul>
</div>
</div>

<p>[addchart data=&#8221;10.32,8.03,7.61,7.29,7.22,6.34,6.08,5.94,5.92,4.93&#8243; labels=&#8221;Vanalinn Kesklinn Kristiine Kadriorg Pirita Põhja-Tallinn Nõmme Mustamäe Haabersti Lasnamäe&#8221; colors=&#8221;&#8217;STEPS&#8217;,FF0000,00FF00&#8243; title=&#8221;Vuokrat Tallinnassa 10/2011 (€/m2)&#8221; size=&#8221;450&#8243; style=&#8221;horizontal bars&#8221; bgcolors=&#8221;BG1&#8243;] [addchart data=&#8221;38 35 32 29 20 20 19 16 15 6&#8243; labels=&#8221;Kristiine Haabersti Vanalinn Lasnamäe Põhja-Tallinn Mustamäe Kesklinn Kadriorg Nõmme Pirita&#8221; colors=&#8221;&#8217;STEPS&#8217;,FF0000,00FF00&#8243; title=&#8221;Muutokset vuokrissa 10 vs 4/2011 (%)&#8221; size=&#8221;450&#8243; style=&#8221;horizontal bars&#8221; bgcolors=&#8221;BG1&#8243;] Tallinnan vuokraasuntojen  keskimääräinen  tarjoushinta &#8230; <a title="Asunnon vuokraaminen ja hinnat Virossa 10/2011" class="read-more" href="https://tere-tech.eu/balticfinns/index.php/asunnon-vuokrahinnat-virossa-42011/" aria-label="Lue lisää aiheesta Asunnon vuokraaminen ja hinnat Virossa 10/2011">Lue lisää</a></p>
