{"id":73619,"date":"2020-04-13T04:57:02","date_gmt":"2020-04-13T04:57:02","guid":{"rendered":"https:\/\/tere-tech.com\/balticfinns\/?page_id=73619"},"modified":"2020-04-13T04:57:05","modified_gmt":"2020-04-13T04:57:05","slug":"uutisia-myyntikotien-markkinoista","status":"publish","type":"page","link":"https:\/\/tere-tech.eu\/balticfinns\/index.php\/uutisia-myyntikotien-markkinoista\/","title":{"rendered":"Uutisia myyntikotien markkinoista"},"content":{"rendered":"\n<p class=\"has-background has-drop-cap has-medium-font-size has-cyan-bluish-gray-background-color\">T\u00e4st\u00e4 l\u00f6yd\u00e4t viimeiset &amp; tuoreimmat julkaisut Tallinnan asuntomarkkinoiden muutoksista &amp; havainnoista, joiden taustalla on kotiselain.<\/p>\n\n\n<div class=\"feedzy-a3d80155317c25514113b22e503bec02 feedzy-rss\"><ul><li  style=\"padding: 40px 0 67px\" class=\"rss_item\"><div class=\"rss_image\" style=\"height:400px;width:400px;\"><a href=\"https:\/\/tere-tech.eu\/balticfinns\/index.php\/2026\/05\/07\/vanhojen-kaksioiden-paras-voittaja-kanepi-4-uk-versio\/?utm_source=rss&#038;utm_medium=rss&#038;utm_campaign=vanhojen-kaksioiden-paras-voittaja-kanepi-4-uk-versio\" target=\"_blank\" rel=\" noopener\" title=\"Vanhojen kaksioiden paras voittaja: Kanepi 4 (UK-versio)\" style=\"height:400px;width:400px;\"><img decoding=\"async\" src=\"https:\/\/tere-tech.eu\/balticfinns\/wp-content\/uploads\/2026\/05\/Kanepi-4-vs-Amburi-20-intro-1024x517.jpg\" title=\"Vanhojen kaksioiden paras voittaja: Kanepi 4 (UK-versio)\" style=\"height:400px;width:400px;\"><\/a><\/div><span class=\"title\"><a href=\"https:\/\/tere-tech.eu\/balticfinns\/index.php\/2026\/05\/07\/vanhojen-kaksioiden-paras-voittaja-kanepi-4-uk-versio\/?utm_source=rss&#038;utm_medium=rss&#038;utm_campaign=vanhojen-kaksioiden-paras-voittaja-kanepi-4-uk-versio\" target=\"_blank\" rel=\" noopener\">Vanhojen kaksioiden paras voittaja: Kanepi 4 (UK-versio)<\/a><\/span><div class=\"rss_content\" style=\"\"><small>on 2026-05-07 <\/small><p>The Slight Edge of Kanepi\u202f4 Both apartments tell a similar story: compact two\u2011room homes from the Soviet\u2011era housing stock, priced modestly and freshly listed. Yet when you look closer, Kanepi\u202f4 carries a quiet confidence that makes it the safer, steadier choice. Fair Value and Seller Behavior Kanepi\u2019s asking price of \u20ac102\u202f000 sits comfortably below its ... Lue lis\u00e4\u00e4\n\n\nAiheeseen liittyen\nUusien kaksioiden voittaja viikolta: Mootori 2-18 (UK [&hellip;]<\/p><\/div><\/li><li  style=\"padding: 40px 0 67px\" class=\"rss_item\"><div class=\"rss_image\" style=\"height:400px;width:400px;\"><a href=\"https:\/\/tere-tech.eu\/balticfinns\/index.php\/2026\/05\/04\/uusien-kaksioiden-voittaja-viikolta-mootori-2-18-uk-version\/?utm_source=rss&#038;utm_medium=rss&#038;utm_campaign=uusien-kaksioiden-voittaja-viikolta-mootori-2-18-uk-version\" target=\"_blank\" rel=\" noopener\" title=\"Uusien kaksioiden voittaja viikolta: Mootori 2-18 (UK -version)\" style=\"height:400px;width:400px;\"><img decoding=\"async\" src=\"https:\/\/tere-tech.eu\/balticfinns\/wp-content\/uploads\/2026\/05\/kalamaja-pitch-2026-05.jpg\" title=\"Uusien kaksioiden voittaja viikolta: Mootori 2-18 (UK -version)\" style=\"height:400px;width:400px;\"><\/a><\/div><span class=\"title\"><a href=\"https:\/\/tere-tech.eu\/balticfinns\/index.php\/2026\/05\/04\/uusien-kaksioiden-voittaja-viikolta-mootori-2-18-uk-version\/?utm_source=rss&#038;utm_medium=rss&#038;utm_campaign=uusien-kaksioiden-voittaja-viikolta-mootori-2-18-uk-version\" target=\"_blank\" rel=\" noopener\">Uusien kaksioiden voittaja viikolta: Mootori 2-18 (UK -version)<\/a><\/span><div class=\"rss_content\" style=\"\"><small>on 2026-05-04 <\/small><p>The Turnaround at Mootori\u202f2\u201118 In Kalamaja, where old industrial charm meets modern living, two listings compete for investor attention. Both are compact two\u2011room homes, both have lingered on the market for months. Yet one of them \u2014 Mootori\u202f2\u201118 \u2014 has just shifted gears. The Power of a Real Discount After months of slow movement, Mootori\u2019s ... Lue lis\u00e4\u00e4\n\n\nAiheeseen liittyen\nUustuotannon vertailun voittaja kaksioissa: Manufaktuuri 12\/2-44 [&hellip;]<\/p><\/div><\/li><li  style=\"padding: 40px 0 67px\" class=\"rss_item\"><span class=\"title\"><a href=\"https:\/\/tere-tech.eu\/balticfinns\/index.php\/2026\/04\/28\/vanhojen-kaksioiden-voittaja-viikolta-kari-9\/?utm_source=rss&#038;utm_medium=rss&#038;utm_campaign=vanhojen-kaksioiden-voittaja-viikolta-kari-9\" target=\"_blank\" rel=\" noopener\">Vanhojen kaksioiden voittaja viikolta: Kari 9 (UK-versio)<\/a><\/span><div class=\"rss_content\" style=\"\"><small>on 2026-04-28 <\/small><p>Both properties \u2013 Kari 9 and Amburi 20 \u2013 (built in the 1960s, small 2-room units) sit in the same general category: older apartments that investors typically target for value-add or rental yield. On the surface, they look comparable\u2014but the pricing dynamics split them quickly. Kari 9: the mispriced opportunity Kari 9 stands out as ... Lue lis\u00e4\u00e4\n\n\nAiheeseen liittyen\nUustuotannon vertailun voittaja kaksioissa: Manufaktuuri 12\/2-44 (UK-versio) Imagine [&hellip;]<\/p><\/div><\/li><li  style=\"padding: 40px 0 67px\" class=\"rss_item\"><span class=\"title\"><a href=\"https:\/\/tere-tech.eu\/balticfinns\/index.php\/2026\/04\/28\/uustuotannon-vertailun-voittaja-kaksioissa-manufaktuuri-12-2-44-uk-versio\/?utm_source=rss&#038;utm_medium=rss&#038;utm_campaign=uustuotannon-vertailun-voittaja-kaksioissa-manufaktuuri-12-2-44-uk-versio\" target=\"_blank\" rel=\" noopener\">Uustuotannon vertailun voittaja kaksioissa: Manufaktuuri 12\/2-44 (UK-versio)<\/a><\/span><div class=\"rss_content\" style=\"\"><small>on 2026-04-28 <\/small><p>Imagine two properties sitting on the market for almost a year. Both are new builds, both offer similar layouts, and both come from the same 2026 development wave. On paper, they look like siblings. But when you dig into their behavior in the market \u2014 how buyers respond, how pricing aligns with reality, and how ... Lue lis\u00e4\u00e4\n\nEi muita samanlaisia uutisia.<\/p><\/div><\/li><li  style=\"padding: 40px 0 67px\" class=\"rss_item\"><div class=\"rss_image\" style=\"height:400px;width:400px;\"><a href=\"https:\/\/tere-tech.eu\/balticfinns\/index.php\/2024\/06\/15\/markkinakatsaus-keskustan-ulkopuolisten-alueiden-kodin-arvostukset-eniten-kasvussa\/?utm_source=rss&#038;utm_medium=rss&#038;utm_campaign=markkinakatsaus-keskustan-ulkopuolisten-alueiden-kodin-arvostukset-eniten-kasvussa\" target=\"_blank\" rel=\" noopener\" title=\"Markkinakatsaus: keskustan ulkopuolisten alueiden kodin arvostukset eniten kasvussa\" style=\"height:400px;width:400px;\"><img decoding=\"async\" src=\"https:\/\/tere-tech.eu\/balticfinns\/wp-content\/uploads\/2024\/06\/intro_06_2024-1024x554.jpg\" title=\"Markkinakatsaus: keskustan ulkopuolisten alueiden kodin arvostukset eniten kasvussa\" style=\"height:400px;width:400px;\"><\/a><\/div><span class=\"title\"><a href=\"https:\/\/tere-tech.eu\/balticfinns\/index.php\/2024\/06\/15\/markkinakatsaus-keskustan-ulkopuolisten-alueiden-kodin-arvostukset-eniten-kasvussa\/?utm_source=rss&#038;utm_medium=rss&#038;utm_campaign=markkinakatsaus-keskustan-ulkopuolisten-alueiden-kodin-arvostukset-eniten-kasvussa\" target=\"_blank\" rel=\" noopener\">Markkinakatsaus: keskustan ulkopuolisten alueiden kodin arvostukset eniten kasvussa<\/a><\/span><div class=\"rss_content\" style=\"\"><small>on 2024-06-15 <\/small><p>Julkisten asuntomyyntien arvostuksissa tapahtuu suuria muutoksia nyky\u00e4\u00e4n Tallinnassa kes\u00e4n aikana. N\u00e4ist\u00e4 suurin osa osuu samalla kalleimman keskustan (ts Kesklinn) alueen ulkopuolelle ja erityisesti kahdelle isolle alueelle: Lasnam\u00e4e &amp; Pohja-Tallinn. T\u00e4st\u00e4 katsauksesta l\u00f6yd\u00e4t tuoretta viikkotason tietoa miten &amp; miss\u00e4 n\u00e4m\u00e4 arvostukset ilmenev\u00e4t. Seuraava jakauma kuvaa yleisesti arvostuksen muutoksia jakaen ne Tallinnan kaupunginosien [&hellip;]<\/p><\/div><\/li><li  style=\"padding: 40px 0 67px\" class=\"rss_item\"><div class=\"rss_image\" style=\"height:400px;width:400px;\"><a href=\"https:\/\/tere-tech.eu\/balticfinns\/index.php\/2024\/05\/28\/markkinakatsaus-suurimmat-kannattavuudet-kaksioista-alueittain\/?utm_source=rss&#038;utm_medium=rss&#038;utm_campaign=markkinakatsaus-suurimmat-kannattavuudet-kaksioista-alueittain\" target=\"_blank\" rel=\" noopener\" title=\"Markkinakatsaus: suurimmat kannattavuudet kaksioista alueittain\" style=\"height:400px;width:400px;\"><img decoding=\"async\" src=\"https:\/\/tere-tech.eu\/balticfinns\/wp-content\/uploads\/2024\/05\/intro_vabriku-1024x554.jpg\" title=\"Markkinakatsaus: suurimmat kannattavuudet kaksioista alueittain\" style=\"height:400px;width:400px;\"><\/a><\/div><span class=\"title\"><a href=\"https:\/\/tere-tech.eu\/balticfinns\/index.php\/2024\/05\/28\/markkinakatsaus-suurimmat-kannattavuudet-kaksioista-alueittain\/?utm_source=rss&#038;utm_medium=rss&#038;utm_campaign=markkinakatsaus-suurimmat-kannattavuudet-kaksioista-alueittain\" target=\"_blank\" rel=\" noopener\">Markkinakatsaus: suurimmat kannattavuudet kaksioista alueittain<\/a><\/span><div class=\"rss_content\" style=\"\"><small>on 2024-05-28 <\/small><p>Parhaan kannattavuuden muuttuneet myynnit kertovat viikoittain siit\u00e4 tunnelmasta, joka vallitsee markkinoita aktiivisemmin seuraavien myyjien &amp; v\u00e4litt\u00e4jien keskuudessa. T\u00e4ss\u00e4 katsauksessa pureudumme t\u00e4rkeimpien alueiden parhaimman kannattavuuden kaksioihin ja haemme niist\u00e4 perustietojen osalta sen parhaan vaihtoehdon ostajan n\u00e4k\u00f6kulmasta. Kannattavimmat myynnit alueittain Vallitsevan markkinatilanteen mukaan parhaan kannattavuuden kaksioista voi [&hellip;]<\/p><\/div><\/li><\/ul> <\/div><style type=\"text\/css\" media=\"all\">.feedzy-rss .rss_item .rss_image{float:left;position:relative;border:none;text-decoration:none;max-width:100%}.feedzy-rss .rss_item .rss_image span{display:inline-block;position:absolute;width:100%;height:100%;background-position:50%;background-size:cover}.feedzy-rss .rss_item .rss_image{margin:.3em 1em 0 0;content-visibility:auto}.feedzy-rss ul{list-style:none}.feedzy-rss ul li{display:inline-block}<\/style>\n","protected":false},"excerpt":{"rendered":"<p>T\u00e4st\u00e4 l\u00f6yd\u00e4t viimeiset &amp; tuoreimmat julkaisut Tallinnan asuntomarkkinoiden muutoksista &amp; havainnoista, joiden taustalla on kotiselain.<\/p>\n","protected":false},"author":1,"featured_media":0,"parent":0,"menu_order":0,"comment_status":"closed","ping_status":"closed","template":"","meta":{"_monsterinsights_skip_tracking":false,"_monsterinsights_sitenote_active":false,"_monsterinsights_sitenote_note":"","_monsterinsights_sitenote_category":0,"footnotes":""},"_links":{"self":[{"href":"https:\/\/tere-tech.eu\/balticfinns\/index.php\/wp-json\/wp\/v2\/pages\/73619"}],"collection":[{"href":"https:\/\/tere-tech.eu\/balticfinns\/index.php\/wp-json\/wp\/v2\/pages"}],"about":[{"href":"https:\/\/tere-tech.eu\/balticfinns\/index.php\/wp-json\/wp\/v2\/types\/page"}],"author":[{"embeddable":true,"href":"https:\/\/tere-tech.eu\/balticfinns\/index.php\/wp-json\/wp\/v2\/users\/1"}],"replies":[{"embeddable":true,"href":"https:\/\/tere-tech.eu\/balticfinns\/index.php\/wp-json\/wp\/v2\/comments?post=73619"}],"version-history":[{"count":3,"href":"https:\/\/tere-tech.eu\/balticfinns\/index.php\/wp-json\/wp\/v2\/pages\/73619\/revisions"}],"predecessor-version":[{"id":73622,"href":"https:\/\/tere-tech.eu\/balticfinns\/index.php\/wp-json\/wp\/v2\/pages\/73619\/revisions\/73622"}],"wp:attachment":[{"href":"https:\/\/tere-tech.eu\/balticfinns\/index.php\/wp-json\/wp\/v2\/media?parent=73619"}],"curies":[{"name":"wp","href":"https:\/\/api.w.org\/{rel}","templated":true}]}}