{"id":80485,"date":"2021-11-15T12:56:44","date_gmt":"2021-11-15T10:56:44","guid":{"rendered":"https:\/\/tere-tech.eu\/balticfinns\/index.php\/smart-contract-for-home-testnet-0xbce1-608\/"},"modified":"2021-11-15T12:56:44","modified_gmt":"2021-11-15T10:56:44","slug":"smart-contract-for-home-testnet-0xbce1-608","status":"publish","type":"page","link":"https:\/\/tere-tech.eu\/balticfinns\/index.php\/smart-contract-for-home-testnet-0xbce1-608\/","title":{"rendered":"Smart contract for home  (Testnet)  0xbCe1&#8230;608"},"content":{"rendered":"\n\n<script>\n\/\/ jQuery(\"#my_net\").html(await ccc.myEthNet());\n<\/script>\n\n<button id=\"portButt\" style=\"float:right\" class=\"btn btn-info\" onclick=\"window.open('\/balticfinns\/index.php\/eth-contracts-management\/?nocache=1')\">\n\n<span class=\"glyphicon glyphicon-briefcase\" style=\"font-size: large; color: navy\"><\/span>\n<img decoding=\"async\" src=\"\/balticfinns\/wp-content\/uploads\/2021\/09\/ethereum.png\" width=\"16\">\n <span id=\"my_net\" style=\"color:navy; font-size: small\"><\/span>\n\n<\/button>\n<script>jQuery(\"#portButt\").attr(\"title\", getMsg(1084))<\/script>\n\n\n\n<div class=\"wp-block-image for-sale-pict\"><figure class=\"aligncenter size-large is-resized\"><img decoding=\"async\" loading=\"lazy\" src=\"https:\/\/tere-tech.com\/balticfinns\/wp-content\/uploads\/2021\/09\/for-sale-1.jpg\" alt=\"\" class=\"wp-image-79791\" width=\"256\" height=\"192\" srcset=\"https:\/\/tere-tech.eu\/balticfinns\/wp-content\/uploads\/2021\/09\/for-sale-1.jpg 400w, https:\/\/tere-tech.eu\/balticfinns\/wp-content\/uploads\/2021\/09\/for-sale-1-300x225.jpg 300w\" sizes=\"(max-width: 256px) 100vw, 256px\" \/><\/figure><\/div>\n\n\n\n<ul class=\"nav nav-tabs\" id=\"top-tables\">\n<li>\n<a href=\"#menu21\" data-toggle=\"tab\">\n<img decoding=\"async\" src=\"\/balticfinns\/wp-content\/uploads\/2021\/09\/flag_uk.png\" alt=\"In english\"> UK<\/a>\n<\/li>\n<li class=\"active\">\n<a href=\"#home2\" data-toggle=\"tab\">\n<img decoding=\"async\" src=\"\/balticfinns\/wp-content\/uploads\/2021\/09\/flag_finland.png\" alt=\"Suomeksi\"> FI<\/a>\n<\/li>\n<\/ul>\n<div class=\"tab-content\">\n<div id=\"home2\" class=\"tab-pane fade in active\">\n\n\n\n<h1 class=\"wp-block-heading\">Tiedot myyntikodista<\/h1>\n\n\n\n<table class=\"contractTable\" style=\"color: navy\">\n<tbody> \n\n<tr>\n<td><\/td>\n<td><img decoding=\"async\" loading=\"lazy\" src=\"\/balticfinns\/wp-content\/plugins\/flat-prices\/icons\/ale_m2.png\" title=\"Size\" width=\"45\" height=\"45\"><\/td>\n<td><img decoding=\"async\" loading=\"lazy\" src=\"\/balticfinns\/wp-content\/plugins\/flat-prices\/icons\/ale_rooms.png\" title=\"Number of Rooms\" width=\"45\" height=\"45\"><\/td>\n\n<td><img decoding=\"async\" loading=\"lazy\" src=\"\/balticfinns\/wp-content\/plugins\/flat-prices\/icons\/ale_floor.png\" title=\"Floor\" width=\"45\" height=\"45\"><\/td>\n\n<td><img decoding=\"async\" loading=\"lazy\" src=\"\/balticfinns\/wp-content\/plugins\/flat-prices\/icons\/ale_years.png\" title=\"Built\/Repaired\" width=\"45\" height=\"45\"><\/td>\n\n<\/tr>\n\n<tr class=\"contractTableRow\">\n\n<td style=\"border: 4px inset #b8f9d5\" class=\".contractTableCell\">\n\n<b class=\"address\" style=\"color:navy\">&#8211;<\/b>\n<br>\n<b class=\"topsSubsub\"> \n<span class=\"topsSubsub town_area\">\n<i class=\"fa fa-spinner fa-pulse fa-3x fa-fw\" style=\"color:gray; font-size:large\"><\/i>\n<\/span>\n<\/b> \n\n<\/td>\n\n<td style=\"border: 4px inset #b8f9d5\" class=\".contractTableCell\"><span class=\"m2\"><\/span> m2<\/td>\n<td style=\"border: 4px inset #b8f9d5\" class=\".contractTableCell\"><span class=\"rooms\"><\/span><\/td>\n\n<td style=\"border: 4px inset #b8f9d5\" class=\".contractTableCell\"><span class=\"floors\"><\/span><\/td>\n\n<td style=\"border: 4px inset #b8f9d5\" class=\".contractTableCell\"><span class=\"built\"><\/span><\/td>\n\n<\/tr>\n\n<\/tbody>\n<\/table>\n\n\n\n<button data-target=\".viewOfAir\" class=\"btn btn-info btn-block\" data-toggle=\"collapse\">\nKodin talo &amp; sen naapurit\n<span class=\"glyphicon glyphicon-chevron-down\"><\/span>\n<span class=\"glyphicon glyphicon-chevron-up\"><\/span>\n<\/button>\n\n<div id=\"viewOfAir\" class=\"collapse viewOfAir\"> \n<\/div>\n<script>jQuery(\".btn-air-title\").html(getMsg(1083));<\/script>\n\n\n\n<div style=\"height:55px\" aria-hidden=\"true\" class=\"wp-block-spacer\"><\/div>\n\n\n\n<h2 class=\"wp-block-heading\"><img decoding=\"async\" loading=\"lazy\" width=\"40\" height=\"42\" class=\"wp-image-79119\" style=\"width: 40px;\" src=\"https:\/\/tere-tech.com\/balticfinns\/wp-content\/uploads\/2021\/09\/contract.png\" alt=\"\"> \u00c4lysopimus lohkoketjuun<\/h2>\n\n\n\n<p class=\"has-pale-cyan-blue-background-color has-background has-medium-font-size\">Myyntisopimuksen t\u00e4lt\u00e4 sivulta:<\/p>\n\n\n\n<ul class=\"has-very-light-gray-to-cyan-bluish-gray-gradient-background has-background\"><li><em><strong>Ohjaat sopimuksen tilaa itse<\/strong><\/em> suoraan sen edetess\u00e4.<\/li><li><em><strong>N\u00e4et ja tarkistat<\/strong> onko tilanne<\/em> <em>muuttunut <\/em>myyj\u00e4n ja ostajan kesken kun palaat sivulle aina uudelleen.<\/li><\/ul>\n\n\n\n<p class=\"has-pale-cyan-blue-background-color has-background has-medium-font-size\"><strong><em>Kun jaat <\/em><\/strong>t\u00e4m\u00e4n sopimuksen linkin kauppakumppanillesi \/ verkostoon, <em><strong>voi h\u00e4n heti osallistua t\u00e4h\u00e4n diiliin<\/strong><\/em> oman kryptolompakon kautta.<\/p>\n\n\n\n<blockquote class=\"wp-block-quote\"><p><span style=\"color:#006b44\" class=\"has-inline-color\">Sivu <strong>kannattaa siis tallentaa kirjanmerkiksi <\/strong>selaimeen<\/span> jolloin siihen palaaminen on helppoa &amp; nopeaa jatkossa !<\/p><\/blockquote>\n\n\n\n<div style=\"height:22px\" aria-hidden=\"true\" class=\"wp-block-spacer\"><\/div>\n\n\n\n<h3 class=\"wp-block-heading\">\u00c4lysopimuksen tiedot tarkasti<\/h3>\n\n\n\n<p class=\"has-pale-cyan-blue-background-color has-background\"><strong><span style=\"color:#d642c4\" class=\"has-inline-color\">Napauttamalla sopimusosoitetta alta<\/span> <\/strong>avaat sen <em>kaikki pysyv\u00e4t rekister\u00f6idyt julkiset muutokset <\/em>esiin sen Ethereum-ketjusta.<\/p>\n\n\n\n<div style=\"font-size: x-large; background-color: #b0bdc7; border: 4px outset gray; height: 50px; text-align: center\">\n \n<a href=\"https:\/\/ropsten.etherscan.io\/address\/0xbCe1239Dec545869601a4379D35446dA56476608\/0xbCe1...608\/\" target=\"_blank\" rel=\"noopener\">\n0xbCe1&#8230;608\n\n <img decoding=\"async\" loading=\"lazy\" width=\"38\" height=\"37\" src=\"\/balticfinns\/wp-content\/uploads\/2021\/09\/etherscan.png\" alt=\"\" class=\"wp-image-79468\">\n\n <span class=\"glyphicon glyphicon-new-window\" style=\"font-size: x-large\"><\/span>\n<\/a>\n\n<\/div>\n\n\n\n<p>T\u00e4h\u00e4n sopimukseen annetut <em>tarkemmat yhteystiedot<\/em> ovat seuraavat.<\/p>\n\n\n\n<div class=\"wp-block-columns is-layout-flex wp-container-5 wp-block-columns-is-layout-flex\">\n<div class=\"wp-block-column is-layout-flow wp-block-column-is-layout-flow\">\n<h4 class=\"wp-block-heading\">Sopimuksen luoja<\/h4>\n\n\n\n<div class=\"wp-block-columns is-layout-flex wp-container-2 wp-block-columns-is-layout-flex\">\n<div class=\"wp-block-column is-layout-flow wp-block-column-is-layout-flow\">\n<a href=\"https:\/\/ropsten.etherscan.io\/address\/0xbCe1239Dec545869601a4379D35446dA56476608\" target=\"_blank\" rel=\"noopener\">\n<b class=\"acct\" style=\"font-size:x-small\">&#8211;\n<\/b>\n<span class=\"glyphicon glyphicon-new-window\"><\/span>\n<\/a>\n\n<div class=\"name\" style=\"font-weight: bold\">&#8211;<\/div>\n<div class=\"role\" style=\"font-weight: bold\">&#8211;<\/div>\n<div class=\"mail\" style=\"font-weight: bold\">&#8211;<\/div>\n<div class=\"tel\" style=\"font-weight: bold\">&#8211;<\/div>\n<\/div>\n<\/div>\n<\/div>\n\n\n\n<div class=\"wp-block-column is-layout-flow wp-block-column-is-layout-flow\">\n<h4 class=\"wp-block-heading\">Ostaja<\/h4>\n\n\n\n<a href=\"https:\/\/ropsten.etherscan.io\/address\/0xbCe1239Dec545869601a4379D35446dA56476608\" target=\"_blank\" rel=\"noopener\">\n<b class=\"acctBuyer\" style=\"font-size:x-small\">Ei ostajaa viel\u00e4\n<\/b>\n<span class=\"glyphicon glyphicon-new-window\"><\/span>\n<\/a>\n\n<div class=\"mailBuyer\" style=\"font-weight: bold\">email: (n\u00e4kyy vain luojalle)<\/div>\n<\/div>\n<\/div>\n\n\n\n<blockquote class=\"wp-block-quote is-style-default\"><p><strong>Huom<\/strong>: <span class=\"has-inline-color has-vivid-red-color\">yh\u00e4 ostamaton<\/span> sopimus <em><span class=\"has-inline-color has-vivid-red-color\"><strong>voidaan aina peruuttaa<\/strong><\/span><\/em> luojansa taholta ja sen varat palauttaa takaisin lompakkoon. Painikkeen t\u00e4h\u00e4n l\u00f6yd\u00e4t t\u00e4m\u00e4n sopimussivun lopusta.<\/p><\/blockquote>\n\n\n\n<div style=\"height:58px\" aria-hidden=\"true\" class=\"wp-block-spacer\"><\/div>\n\n\n\n<h3 class=\"wp-block-heading\">Kestoaika<\/h3>\n\n\n\n<p>T\u00e4m\u00e4n sopimuksen kestoaika sek\u00e4 alku- ja loppup\u00e4iv\u00e4m\u00e4\u00e4r\u00e4t ovat seuraavat.<\/p>\n\n\n\n<div class=\"period c-period\"><\/div>\n\n\n\n<div class=\"wp-block-columns is-layout-flex wp-container-9 wp-block-columns-is-layout-flex\">\n<div class=\"wp-block-column is-layout-flow wp-block-column-is-layout-flow\">\n<h5 class=\"wp-block-heading\"><img decoding=\"async\" loading=\"lazy\" width=\"69\" height=\"39\" class=\"wp-image-79118\" style=\"width: 69px;\" src=\"https:\/\/tere-tech.com\/balticfinns\/wp-content\/uploads\/2021\/09\/sun.png\" alt=\"\">Alku<\/h5>\n\n\n\n<b class=\"now2 c-start-end\">&#8211;<\/b>\n<\/div>\n\n\n\n<div class=\"wp-block-column is-layout-flow wp-block-column-is-layout-flow\">\n<div class=\"wp-block-image\"><figure class=\"aligncenter size-full\"><img decoding=\"async\" loading=\"lazy\" width=\"100\" height=\"72\" src=\"https:\/\/tere-tech.eu\/balticfinns\/wp-content\/uploads\/2021\/09\/life-span.png\" alt=\"\" class=\"wp-image-79146\"\/><\/figure><\/div>\n<\/div>\n\n\n\n<div class=\"wp-block-column is-layout-flow wp-block-column-is-layout-flow\">\n<h5 class=\"wp-block-heading\"><img decoding=\"async\" loading=\"lazy\" width=\"40\" height=\"40\" class=\"wp-image-79116\" style=\"width: 40px;\" src=\"https:\/\/tere-tech.com\/balticfinns\/wp-content\/uploads\/2021\/09\/flash.png\" alt=\"\">Loppu<\/h5>\n\n\n\n<b class=\"endTime2 c-start-end\">&#8211;<\/b>\n<\/div>\n<\/div>\n\n\n\n<h5 class=\"mainTimeBar wp-block-heading\">Jo kulutettu aika kestosta nyt<\/h5>\n\n\n\n<div class=\"mainTimeBar\" style=\"background-color: greenyellow; width: 100%; height: 10px\">\n<div class=\"timeUsedBar\" style=\"background-color: darkred; width: 0%; height: 6px\">_\n<\/div>\n<\/div>\n\n<script>\n  jQuery(\".timeUsedBar\").css(\"width\", \"0%\");\n<\/script>\n\n\n\n<div style=\"height:59px\" aria-hidden=\"true\" class=\"wp-block-spacer\"><\/div>\n\n\n\n<h3 class=\"wp-block-heading\">Koko sopimustilanne<\/h3>\n\n\n\n<p class=\"has-cyan-bluish-gray-background-color has-background\"><img decoding=\"async\" loading=\"lazy\" width=\"40\" height=\"42\" class=\"wp-image-79119\" style=\"width: 40px;\" src=\"https:\/\/tere-tech.com\/balticfinns\/wp-content\/uploads\/2021\/09\/contract.png\" alt=\"\"> <em>Sopimuksen nykyinen tilanne<\/em> lohkoketjusta on t\u00e4n\u00e4\u00e4n sen elinkaaren mukaan katsoen t\u00e4llainen.<\/p>\n\n\n\n<div class=\"statusPic\">&#8212;<\/div>\n\n\n\n<p class=\"has-text-align-center status has-medium-font-size\">-__-<\/p>\n\n\n\n<h4 class=\"dealType wp-block-heading\" id=\"fi-deal-type\">SOPIMUSTYYPPI<\/h4>\n\n\n\n<ul><li><strong>Myynti- ja ostohinta sopimuksen osallistujille:<\/strong><\/li><li><span class=\"has-inline-color premium c-premium\">__<\/span> <strong>ETH<\/strong> =  <span class=\"has-inline-color euro_premium c-euro-premium\">__<\/span> <strong>\u20ac<\/strong><\/li><li><strong>Sitova myynti- \/ ostotarjous kodille:<\/strong><\/li><li><span class=\"has-inline-color bid c-bid\">__<\/span> <strong>\u20ac<\/strong><\/li><\/ul>\n\n\n\n<h3 class=\"wp-block-heading\">+ N\u00e4in voit tehd\u00e4<\/h3>\n\n\n\n<p class=\"has-cyan-bluish-gray-background-color has-background\"><strong>Seuraavia asioita<\/strong> voit viel\u00e4 suorittaa t\u00e4lle sopimukselle <em>oman lompakon valitun tilin<\/em> avulla.<\/p>\n\n\n\n<div class=\"whatNextButts\" style=\"text-align: center; font-weight: bold;\">Ei avoimia teht\u00e4vi\u00e4 juuri nyt<\/div>\n<div class=\"buyerFields\" style=\"display: none\">\nEmail: <input class=\"buyerEmail\" type=\"text\" disabled=\"\">\n<\/div>\n<div class=\"statusBusy\" style=\"text-align: center\"><\/div>\n\n\n\n<div style=\"font-size: small; color: gray\">\nLompakon tili: \n<span class=\"activeAcct\"><\/span>\n<\/div>\n\n\n\n<div style=\"height:41px\" aria-hidden=\"true\" class=\"wp-block-spacer\"><\/div>\n\n\n\n<p class=\"has-small-font-size\">Kun \/ jos vaihdat Metamask -tili\u00e4 <b><span class=\"has-inline-color has-vivid-red-color\">kannattaa t\u00e4m\u00e4 sopimussivu <\/span><a href=\"#\" onclick=\"window.location.reload()\">ladata &amp; p\u00e4ivitt\u00e4\u00e4 <span class=\"glyphicon glyphicon-refresh\" style=\"font-size: large\"><\/span><\/a> uudelleen<\/b> jolloin n\u00e4et aina oikeat tiedot &amp; painikkeet.<\/p>\n\n\n\n<\/div>\n<div id=\"menu21\" class=\"tab-pane fade\">\n\n\n\n<h1 class=\"wp-block-heading\">Home for sale<\/h1>\n\n\n\n<table class=\"contractTable\" style=\"color: navy\">\n<tbody> \n\n<tr>\n<td><\/td>\n<td><img decoding=\"async\" loading=\"lazy\" src=\"\/balticfinns\/wp-content\/plugins\/flat-prices\/icons\/ale_m2.png\" title=\"Size\" width=\"45\" height=\"45\"><\/td>\n<td><img decoding=\"async\" loading=\"lazy\" src=\"\/balticfinns\/wp-content\/plugins\/flat-prices\/icons\/ale_rooms.png\" title=\"Number of Rooms\" width=\"45\" height=\"45\"><\/td>\n\n<td><img decoding=\"async\" loading=\"lazy\" src=\"\/balticfinns\/wp-content\/plugins\/flat-prices\/icons\/ale_floor.png\" title=\"Floor\" width=\"45\" height=\"45\"><\/td>\n\n<td><img decoding=\"async\" loading=\"lazy\" src=\"\/balticfinns\/wp-content\/plugins\/flat-prices\/icons\/ale_years.png\" title=\"Built\/Repaired\" width=\"45\" height=\"45\"><\/td>\n\n<\/tr>\n\n<tr class=\"contractTableRow\">\n\n<td style=\"border: 4px inset #b8f9d5\" class=\".contractTableCell\">\n\n<b class=\"address\" style=\"color:navy\">&#8211;<\/b>\n<br>\n<b class=\"topsSubsub\"> \n<span class=\"topsSubsub town_area\">\n<i class=\"fa fa-spinner fa-pulse fa-3x fa-fw\" style=\"color:gray; font-size:large\"><\/i>\n<\/span>\n<\/b> \n\n<\/td>\n\n<td style=\"border: 4px inset #b8f9d5\" class=\".contractTableCell\"><span class=\"m2\"><\/span> m2<\/td>\n<td style=\"border: 4px inset #b8f9d5\" class=\".contractTableCell\"><span class=\"rooms\"><\/span><\/td>\n\n<td style=\"border: 4px inset #b8f9d5\" class=\".contractTableCell\"><span class=\"floors\"><\/span><\/td>\n\n<td style=\"border: 4px inset #b8f9d5\" class=\".contractTableCell\"><span class=\"built\"><\/span><\/td>\n\n<\/tr>\n\n<\/tbody>\n<\/table>\n\n\n\n<button data-target=\".viewOfAir\" class=\"btn btn-info btn-block\" data-toggle=\"collapse\">\nHome&#8217;s house &amp; environment\n<span class=\"glyphicon glyphicon-chevron-down\"><\/span>\n<span class=\"glyphicon glyphicon-chevron-up\"><\/span>\n<\/button>\n\n<div class=\"collapse viewOfAir\"> \n<\/div>\n<script>jQuery(\".btn-air-title\").html(getMsg(1083));<\/script>\n\n\n\n<div style=\"height:55px\" aria-hidden=\"true\" class=\"wp-block-spacer\"><\/div>\n\n\n\n<h2 class=\"wp-block-heading\"><img decoding=\"async\" loading=\"lazy\" width=\"40\" height=\"42\" class=\"wp-image-79119\" style=\"width: 40px;\" src=\"https:\/\/tere-tech.com\/balticfinns\/wp-content\/uploads\/2021\/09\/contract.png\" alt=\"\"> Smart contract on blockchain<\/h2>\n\n\n\n<p class=\"has-pale-cyan-blue-background-color has-background has-medium-font-size\">You can follow this page&#8217;s ongoing deal from here and do next:<\/p>\n\n\n\n<ul class=\"has-very-light-gray-to-cyan-bluish-gray-gradient-background has-background\"><li><strong><em>Manage own contract&#8217;s state by yourself<\/em> <\/strong>as it goes ahead on market.<\/li><li><em><strong>Check out <\/strong>how things move on<\/em> between seller &amp; buyer lately by opening this page again later.<\/li><\/ul>\n\n\n\n<p class=\"has-pale-cyan-blue-background-color has-background has-medium-font-size\">When you share this deal&#8217;s link to your friend \/ social media, <em><strong>any interested person can become your customer <\/strong><\/em>by using own crypto wallet.<\/p>\n\n\n\n<blockquote class=\"wp-block-quote\"><p><span style=\"color:#007248\" class=\"has-inline-color\">You may like to <strong>mark this page as a bookmark<\/strong> in browser<\/span> so that it is most easy to come back and check it again !<\/p><\/blockquote>\n\n\n\n<div style=\"height:22px\" aria-hidden=\"true\" class=\"wp-block-spacer\"><\/div>\n\n\n\n<h3 class=\"wp-block-heading\">contract&#8217;s details<\/h3>\n\n\n\n<p class=\"has-pale-cyan-blue-background-color has-background\">By clicking <strong><span style=\"color:#d642c4\" class=\"has-inline-color\">contract&#8217;s address <\/span><\/strong>below just find out its all permanent registered public events on Ethereum&#8217;s blockchain.<\/p>\n\n\n\n<div style=\"font-size: x-large; background-color: #b0bdc7; border: 4px outset gray; height: 50px; text-align: center\">\n <a href=\"https:\/\/ropsten.etherscan.io\/address\/0xbCe1239Dec545869601a4379D35446dA56476608\/0xbCe1...608\/\" target=\"_blank\" rel=\"noopener\">\n0xbCe1&#8230;608\n<\/a>\n\n <img decoding=\"async\" loading=\"lazy\" width=\"38\" height=\"37\" src=\"https:\/\/tere-tech.com\/balticfinns\/wp-content\/uploads\/2021\/09\/etherscan.png\" alt=\"\" class=\"wp-image-79468\">\n\n <span class=\"glyphicon glyphicon-new-window\" style=\"font-size: x-large\"><\/span>\n\n<\/div>\n\n\n\n<p>The contract has the following data about its creator and buyer now:<\/p>\n\n\n\n<div class=\"wp-block-columns is-layout-flex wp-container-14 wp-block-columns-is-layout-flex\">\n<div class=\"wp-block-column is-layout-flow wp-block-column-is-layout-flow\">\n<h4 class=\"wp-block-heading\">DEAL&#8217;S Creator<\/h4>\n\n\n\n<div class=\"wp-block-columns is-layout-flex wp-container-11 wp-block-columns-is-layout-flex\">\n<div class=\"wp-block-column is-layout-flow wp-block-column-is-layout-flow\">\n<a href=\"https:\/\/ropsten.etherscan.io\/address\/0xbCe1239Dec545869601a4379D35446dA56476608\" target=\"_blank\" rel=\"noopener\">\n<b class=\"acct\" style=\"font-size:x-small\">&#8211;\n<\/b>\n<span class=\"glyphicon glyphicon-new-window\"><\/span>\n<\/a>\n\n<div class=\"name\" style=\"font-weight: bold\">&#8211;<\/div>\n<div class=\"role\" style=\"font-weight: bold\">&#8211;<\/div>\n<div class=\"mail\" style=\"font-weight: bold\">&#8211;<\/div>\n<div class=\"tel\" style=\"font-weight: bold\">&#8211;<\/div>\n<\/div>\n<\/div>\n<\/div>\n\n\n\n<div class=\"wp-block-column is-layout-flow wp-block-column-is-layout-flow\">\n<h4 class=\"wp-block-heading\">Buyer<\/h4>\n\n\n\n<a href=\"https:\/\/ropsten.etherscan.io\/address\/0xbCe1239Dec545869601a4379D35446dA56476608\" target=\"_blank\" rel=\"noopener\">\n<b class=\"acctBuyer\" style=\"font-size:x-small\">No deal&#8217;s buyer yet\n<\/b>\n<span class=\"glyphicon glyphicon-new-window\"><\/span>\n<\/a>\n\n<div class=\"mailBuyer\" style=\"font-weight: bold\">email: (visible to creator)<\/div>\n<\/div>\n<\/div>\n\n\n\n<blockquote class=\"wp-block-quote is-style-default\"><p><strong>NOTE<\/strong>: <span class=\"has-inline-color has-vivid-red-color\">open contract without buyer can always be cancelled and refunded<\/span> to creator at any moment.<\/p><\/blockquote>\n\n\n\n<div style=\"height:58px\" aria-hidden=\"true\" class=\"wp-block-spacer\"><\/div>\n\n\n\n<h4 class=\"wp-block-heading\">Life span <\/h4>\n\n\n\n<p>Smart deal&#8217;s full period and its important dates are below here.<\/p>\n\n\n\n<div class=\"period c-period\"><\/div>\n\n\n\n<div class=\"wp-block-columns is-layout-flex wp-container-18 wp-block-columns-is-layout-flex\">\n<div class=\"wp-block-column is-layout-flow wp-block-column-is-layout-flow\">\n<h5 class=\"wp-block-heading\"><img decoding=\"async\" loading=\"lazy\" width=\"69\" height=\"39\" class=\"wp-image-79118\" style=\"width: 69px;\" src=\"https:\/\/tere-tech.com\/balticfinns\/wp-content\/uploads\/2021\/09\/sun.png\" alt=\"\">Start time<\/h5>\n\n\n\n<b class=\"now2 c-start-end\">&#8211;<\/b>\n<\/div>\n\n\n\n<div class=\"wp-block-column is-layout-flow wp-block-column-is-layout-flow\">\n<div class=\"wp-block-image\"><figure class=\"aligncenter size-full is-resized\"><img decoding=\"async\" loading=\"lazy\" src=\"https:\/\/tere-tech.eu\/balticfinns\/wp-content\/uploads\/2021\/09\/life-span.png\" alt=\"\" class=\"wp-image-79146\" width=\"81\" height=\"58\"\/><\/figure><\/div>\n<\/div>\n\n\n\n<div class=\"wp-block-column is-layout-flow wp-block-column-is-layout-flow\">\n<h5 class=\"wp-block-heading\"><img decoding=\"async\" loading=\"lazy\" width=\"40\" height=\"40\" class=\"wp-image-79116\" style=\"width: 40px;\" src=\"https:\/\/tere-tech.com\/balticfinns\/wp-content\/uploads\/2021\/09\/flash.png\" alt=\"\">End time<\/h5>\n\n\n\n<b class=\"endTime2 c-start-end\">&#8211;<\/b>\n<\/div>\n<\/div>\n\n\n\n<h5 class=\"mainTimeBar wp-block-heading\">Already spent time today<\/h5>\n\n\n\n<div class=\"mainTimeBar\" style=\"background-color: greenyellow; width: 100%; height: 10px\">\n<div class=\"timeUsedBar\" style=\"background-color: darkred; width: 0%; height: 10px\">_\n<\/div>\n<\/div>\n\n<script>\n  jQuery(\".timeUsedBar\").css(\"width\", \"0%\");\n<\/script>\n\n\n\n<div style=\"height:58px\" aria-hidden=\"true\" class=\"wp-block-spacer\"><\/div>\n\n\n\n<h3 class=\"wp-block-heading\">Whole picture of situation<\/h3>\n\n\n\n<p class=\"has-cyan-bluish-gray-background-color has-background\"><img decoding=\"async\" loading=\"lazy\" width=\"40\" height=\"42\" class=\"wp-image-79119\" style=\"width: 40px;\" src=\"https:\/\/tere-tech.com\/balticfinns\/wp-content\/uploads\/2021\/09\/contract.png\" alt=\"\"> Deal&#8217;s current whole situation compared to its full life span is here.<\/p>\n\n\n\n<div class=\"statusPic\">&#8212;<\/div>\n\n\n\n<p class=\"has-text-align-center status has-medium-font-size\">-___-<\/p>\n\n\n\n<h4 class=\"dealType wp-block-heading\" id=\"uk-deal-type\">DEAL&#8217;S TYPE<\/h4>\n\n\n\n<ul><li><strong>Contract&#8217;s price for its buyer &amp; seller:<\/strong><\/li><li><span class=\"has-inline-color premium c-premium\">__<\/span> <strong>ETH<\/strong> =  <span class=\"has-inline-color euro_premium c-euro-premium\">__<\/span> <strong>\u20ac<\/strong><\/li><li><strong>Asking \/ bidding price of home:<\/strong><\/li><li><span class=\"has-inline-color bid c-bid\">__<\/span> <strong>\u20ac<\/strong><\/li><\/ul>\n\n\n\n<h3 class=\"wp-block-heading\">+ What to do next <\/h3>\n\n\n\n<p class=\"has-cyan-bluish-gray-background-color has-background\">You can <strong>change this contract<\/strong> by using your crypto wallet&#8217;s current active account next ways.<\/p>\n\n\n\n<div class=\"whatNextButts\" style=\"text-align: center; font-weight: bold;\">Nothing to do right now<\/div>\n<div class=\"buyerFields\" style=\"display: none\">\nEmail: <input class=\"buyerEmail\" type=\"text\" disabled=\"\">\n<\/div>\n<div class=\"statusBusy\" style=\"text-align: center\"><\/div>\n\n\n\n<div style=\"font-size: small; color: gray\">\nActive account: \n<span class=\"activeAcct\"><\/span>\n<\/div>\n\n\n\n<div style=\"height:41px\" aria-hidden=\"true\" class=\"wp-block-spacer\"><\/div>\n\n\n\n<p class=\"has-small-font-size\">If \/ when you change Metamask&#8217;s account just <span class=\"has-inline-color has-vivid-red-color\"><strong>remember to <\/strong><\/span><a onclick=\"window.location.reload()\" href=\"#\"><strong>refresh this page<\/strong> <span class=\"glyphicon glyphicon-refresh\" style=\"font-size: large\"><\/span><\/a> in browser to see the right choices here.<\/p>\n\n\n\n<\/div>\n<\/div>\n\n\n\n<script>\njQuery('#top-tables a:first').tab('show');\nif (HBlang === 'fi') {\n  jQuery('#top-tables a:last').tab('show');\n}\n<\/script>\n<div><div id=\"dynamicLibs\"><\/div>\n\n<script>\n    \/\/ Make sure that each lib is always reloaded in WP's pages from latest copy.\n    function injectLib(path) {\n        const randNro = 1 + Math.floor(Math.random() * 10000);\n        const lib = '<script src=\"' + path + '?v=' + randNro + '\"><\/' + 'script>';\n        return lib;\n    }\n    \/\/ Min external libs + necessary own codes ...\n    const libs = \n        injectLib('\/balticfinns\/wp-content\/plugins\/flat-prices\/contracts\/BN.min.js') +\n        injectLib('\/balticfinns\/wp-content\/plugins\/flat-prices\/contracts\/web3.min.js') +\n        injectLib('\/balticfinns\/wp-content\/plugins\/flat-prices\/contracts\/messages.js') +\n        injectLib('\/balticfinns\/wp-content\/plugins\/flat-prices\/contracts\/net_wallet.js') +\n        injectLib('\/balticfinns\/wp-content\/plugins\/flat-prices\/contracts\/XadminX\/metamask.js') +\n        injectLib('\/balticfinns\/wp-content\/plugins\/flat-prices\/contracts\/XadminX\/helpers.js');\n    jQuery('#dynamicLibs').html(libs);\n<\/script>\n\n<link rel=\"stylesheet\" href=\"https:\/\/cdnjs.cloudflare.com\/ajax\/libs\/font-awesome\/4.7.0\/css\/font-awesome.min.css\">\n\n<script> myContract = \"0xbCe1239Dec545869601a4379D35446dA56476608\"; cleanBS(); getStatesForTables(\"test\", myContract); <\/script>\n<\/div>","protected":false},"excerpt":{"rendered":"<p>UK FI Tiedot myyntikodista &#8211; m2 Kodin talo &amp; sen naapurit \u00c4lysopimus lohkoketjuun Myyntisopimuksen t\u00e4lt\u00e4 sivulta: Ohjaat sopimuksen tilaa itse suoraan sen edetess\u00e4. N\u00e4et ja tarkistat onko tilanne muuttunut myyj\u00e4n ja ostajan kesken kun palaat sivulle aina uudelleen. Kun jaat t\u00e4m\u00e4n sopimuksen linkin kauppakumppanillesi \/ verkostoon, voi h\u00e4n heti osallistua t\u00e4h\u00e4n diiliin oman kryptolompakon kautta. &#8230; <a title=\"Smart contract for home  (Testnet)  0xbCe1&#8230;608\" class=\"read-more\" href=\"https:\/\/tere-tech.eu\/balticfinns\/index.php\/smart-contract-for-home-testnet-0xbce1-608\/\" aria-label=\"Lue lis\u00e4\u00e4 aiheesta Smart contract for home  (Testnet)  0xbCe1&#8230;608\">Lue lis\u00e4\u00e4<\/a><\/p>\n","protected":false},"author":1,"featured_media":0,"parent":0,"menu_order":0,"comment_status":"closed","ping_status":"closed","template":"","meta":{"_monsterinsights_skip_tracking":false,"_monsterinsights_sitenote_active":false,"_monsterinsights_sitenote_note":"","_monsterinsights_sitenote_category":0,"footnotes":""},"_links":{"self":[{"href":"https:\/\/tere-tech.eu\/balticfinns\/index.php\/wp-json\/wp\/v2\/pages\/80485"}],"collection":[{"href":"https:\/\/tere-tech.eu\/balticfinns\/index.php\/wp-json\/wp\/v2\/pages"}],"about":[{"href":"https:\/\/tere-tech.eu\/balticfinns\/index.php\/wp-json\/wp\/v2\/types\/page"}],"author":[{"embeddable":true,"href":"https:\/\/tere-tech.eu\/balticfinns\/index.php\/wp-json\/wp\/v2\/users\/1"}],"replies":[{"embeddable":true,"href":"https:\/\/tere-tech.eu\/balticfinns\/index.php\/wp-json\/wp\/v2\/comments?post=80485"}],"version-history":[{"count":0,"href":"https:\/\/tere-tech.eu\/balticfinns\/index.php\/wp-json\/wp\/v2\/pages\/80485\/revisions"}],"wp:attachment":[{"href":"https:\/\/tere-tech.eu\/balticfinns\/index.php\/wp-json\/wp\/v2\/media?parent=80485"}],"curies":[{"name":"wp","href":"https:\/\/api.w.org\/{rel}","templated":true}]}}